actor of 22703350 and 7050.
2350
What is the highest common factor of 483502 and 27784?
302
What is the greatest common factor of 8024145 and 1365?
15
Calculate the greatest common divisor of 56236604 and 26660.
5332
Calculate the highest common factor of 68 and 345720.
4
What is the greatest common divisor of 3864052 and 20?
4
What is the highest common factor of 1842 and 16295253?
921
What is the greatest common divisor of 3397767 and 6348?
1587
Calculate the greatest common factor of 184 and 4508759.
23
Calculate the greatest common divisor of 8853330 and 30.
30
Calculate the greatest common factor of 1226 and 79977497.
613
Calculate the highest common divisor of 36 and 91682820.
36
Calculate the highest common divisor of 990 and 2633620.
110
What is the greatest common factor of 7080712 and 40?
8
What is the highest common factor of 206323230 and 20?
10
Calculate the greatest common divisor of 50 and 15072100.
50
What is the greatest common divisor of 12 and 113639892?
12
Calculate the highest common factor of 810927 and 7047.
261
Calculate the greatest common factor of 475996 and 889.
127
What is the greatest common divisor of 10335 and 8639265?
795
Calculate the highest common factor of 78289 and 16748.
79
What is the greatest common divisor of 63206408 and 680?
136
Calculate the highest common divisor of 1125015068 and 472.
236
Calculate the highest common divisor of 19129 and 1694.
11
Calculate the highest common factor of 3747997 and 9006.
1501
What is the highest common divisor of 14115064 and 3488?
872
Calculate the greatest common factor of 29210 and 20600180.
230
What is the highest common divisor of 8928 and 966673248?
2976
What is the highest common divisor of 192 and 90186?
6
What is the highest common divisor of 17979 and 37011?
39
Calculate the highest common divisor of 238195184 and 4.
4
Calculate the greatest common factor of 609 and 1764357.
21
What is the greatest common divisor of 366 and 812703?
183
Calculate the highest common factor of 577432 and 279460.
356
What is the highest common factor of 7069712 and 574?
82
What is the highest common factor of 762733760 and 17350?
3470
Calculate the highest common divisor of 37823 and 616619.
347
What is the highest common factor of 407497 and 14647?
97
What is the highest common factor of 6157568 and 288?
32
Calculate the greatest common factor of 695024 and 781.
11
What is the greatest common factor of 560 and 348545120?
560
What is the highest common factor of 5395 and 3146195?
65
What is the highest common factor of 1034 and 7712606?
1034
Calculate the highest common divisor of 14396995 and 135.
5
What is the greatest common factor of 391291901 and 572?
143
What is the greatest common divisor of 366 and 55857822?
366
Calculate the greatest common factor of 85 and 7011405.
5
What is the greatest common divisor of 9741619 and 185?
37
Calculate the greatest common factor of 459714 and 6222.
102
Calculate the highest common divisor of 33340554 and 468.
234
What is the greatest common divisor of 4630740 and 2825?
565
Calculate the greatest common divisor of 570 and 9363675.
285
Calculate the greatest common divisor of 40508049 and 526.
263
What is the highest common divisor of 31332 and 4130868?
84
Calculate the highest common divisor of 285591 and 48.
3
What is the highest common factor of 1298 and 36235086?
118
Calculate the highest common factor of 2448381155 and 6655.
6655
What is the greatest common divisor of 407 and 90763849?
407
Calculate the greatest common factor of 4710478 and 36034.
86
What is the highest common divisor of 12499419 and 137816?
2461
What is the greatest common divisor of 5856 and 3266367?
183
What is the highest common divisor of 161710558 and 76?
38
Calculate the greatest common divisor of 5786 and 2350694.
526
Calculate the greatest common divisor of 519911 and 7854.
119
Calculate the greatest common factor of 20 and 563406460.
20
What is the greatest common divisor of 12 and 47569092?
12
What is the greatest common divisor of 21980994 and 258?
6
Calculate the highest common divisor of 52720564 and 668.
668
What is the highest common divisor of 6313247 and 92?
23
What is the greatest common factor of 2078796 and 163068?
1284
What is the highest common factor of 84331 and 9334793?
6487
What is the greatest common factor of 511 and 55279?
7
What is the highest common divisor of 5902 and 2702662?
454
Calculate the greatest common divisor of 25092 and 2240352.
36
Calculate the greatest common divisor of 547890 and 353.
1
What is the greatest common factor of 2175 and 1582866400?
725
Calculate the greatest common divisor of 1469 and 1260289.
113
Calculate the greatest common factor of 38150 and 42455.
35
Calculate the highest common divisor of 4 and 75556126.
2
What is the highest common divisor of 190667246 and 11?
11
What is the highest common factor of 5656056 and 1788?
12
Calculate the highest common divisor of 10206 and 260218.
14
Calculate the highest common divisor of 880 and 12067240.
40
What is the greatest common factor of 384 and 141631744?
128
What is the highest common factor of 2892 and 1904048?
4
Calculate the highest common divisor of 4335786 and 12558.
546
What is the highest common factor of 75374 and 99931?
13
Calculate the highest common factor of 6975 and 129251400.
2325
What is the highest common divisor of 16162811 and 217?
217
What is the highest common divisor of 2120 and 111815584?
424
Calculate the greatest common divisor of 7 and 39216289.
7
Calculate the highest common factor of 313 and 10416953.
313
What is the highest common divisor of 4454206 and 298?
298
Calculate the greatest common divisor of 756290976 and 2016.
672
Calculate the greatest common factor of 3001275 and 150.
75
Calculate the highest common factor of 31806 and 3803762.
1178
Calculate the highest common divisor of 804 and 136736.
4
What is the highest common divisor of 1736244 and 31824?
612
Calculate the highest common factor of 2267905 and 818.
409
Calculate the greatest common divisor of 577772 and 57031.
533
What is the highest common factor of 21622544 and 32?
16
What is the greatest common factor of 5858223 and 30?
3
What is the highest common factor of 461 and 688526089?
461
Calculate the highest common factor of 2400 and 352830.
30
What is the greatest common divisor of 309114 and 3654?
18
What is the greatest common factor of 104052 and 1419028?
1508
Calculate the greatest common factor of 6189188 and 13288.
604
Calculate the greatest common divisor of 170 and 17106335.
85
Calculate the greatest common divisor of 325674 and 17.
1
Calculate the highest common divisor of 16941 and 48.
3
Calculate the highest common factor of 98196547 and 1171.
1171
What is the highest common divisor of 169 and 325758823?
169
Calculate the highest common divisor of 149 and 30476609.
149
What is the greatest common factor of 185856 and 158268?
1452
What is the greatest common factor of 943220 and 1620?
20
Calculate the greatest common factor of 13115406 and 30.
6
What is the greatest common divisor of 84 and 25690854?
42
What is the highest common divisor of 222948 and 28710?
198
Calculate the highest common factor of 4384 and 7172772.
548
Calculate the highest common divisor of 4546 and 13864.
2
What is the highest common divisor of 1072 and 208296?
8
Calculate the highest common factor of 10307752 and 112.
56
Calculate the greatest common factor of 5648 and 6224.
16
Calculate the highest common factor of 120 and 21069170.
10
Calculate the highest common divisor of 651091 and 5969.
47
Calculate the greatest common divisor of 16038 and 151162.
22
Calculate the highest common divisor of 1338 and 3578704.
446
Calculate the highest common divisor of 56 and 5596913.
7
What is the greatest common divisor of 63400 and 32421175?
7925
Calculate the highest common divisor of 509405690 and 201.
67
What is the greatest common divisor of 121 and 53349263?
121
Calculate the greatest common divisor of 8892 and 759954.
78
Calculate the highest common divisor of 285 and 56761930.
95
What is the highest common factor of 3 and 758890803?
3
Calculate the highest common divisor of 186 and 7442796.
6
What is the greatest common factor of 64 and 6685096?
8
Calculate the highest common d